{"id":269,"date":"2025-05-15T15:27:38","date_gmt":"2025-05-15T13:27:38","guid":{"rendered":"https:\/\/studioarcs.fr\/?page_id=269"},"modified":"2026-01-09T07:53:54","modified_gmt":"2026-01-09T06:53:54","slug":"venir-a-arc-1800-en-voiture-parking","status":"publish","type":"page","link":"https:\/\/studioarcs.fr\/index.php\/venir-a-arc-1800-en-voiture-parking\/","title":{"rendered":"Venir \u00e0 ARC 1800 en voiture &#8211; Parking"},"content":{"rendered":"\n<p class=\"has-text-align-center has-x-large-font-size\"><strong>Venir \u00e0 ARC 1800 en voiture. <\/strong><\/p>\n\n\n\n<p class=\"has-text-align-center has-x-large-font-size\"><strong>Solutions de parking<\/strong><\/p>\n\n\n\n<p><\/p>\n\n\n\n\n\n<p class=\"has-text-align-left has-x-large-font-size\"><strong><mark style=\"background-color:rgba(0, 0, 0, 0);color:#fd0000\" class=\"has-inline-color\">V\u00e9rifiez d&rsquo;abord l&rsquo;\u00e9tat des routes et assurez vous de disposer d&rsquo;\u00e9quipements bien adapt\u00e9s.<\/mark><\/strong><\/p>\n\n\n\n<p class=\"has-text-align-center has-accent-1-background-color has-text-color has-background has-link-color has-x-large-font-size wp-elements-fa1dd039ff571941e5b31ebe91a69b47\" style=\"color:#ff0000\">ATTENTION : les PNEUS NEIGE ou CHA\u00ceNES SONT OBLIGATOIRES EN HIVER<\/p>\n\n\n\n<hr class=\"wp-block-separator has-alpha-channel-opacity\"\/>\n\n\n\n<p>Cliquez sur l&rsquo;ic\u00f4ne de votre GPS favori ci-dessous pour vous guider vers l&#8217;emplacement exact du studio :<\/p>\n\n\n\n<div class=\"wp-block-columns is-layout-flex wp-container-core-columns-is-layout-28f84493 wp-block-columns-is-layout-flex\">\n<div class=\"wp-block-column is-layout-flow wp-block-column-is-layout-flow\" style=\"flex-basis:100%\"><\/div>\n<\/div>\n\n\n\n<hr class=\"wp-block-separator has-alpha-channel-opacity\"\/>\n\n\n\n<p><strong>A votre arriv\u00e9e<\/strong>, vous pourrez vous garer temporairement au <strong>d\u00e9pose minute<\/strong> pour d\u00e9charger vos affaires avant d&rsquo;aller garer la voiture sur les parking.<\/p>\n\n\n\n<p>Le d\u00e9pose minute est gratuit, mais <strong>le stationnement ne doit pas d\u00e9passer une heure<\/strong> sinon \u00e7a co\u00fbte tr\u00e8s tr\u00e8s cher !<\/p>\n\n\n\n<p>Cliquez sur l&rsquo;ic\u00f4ne de votre GPS favori ci-dessous pour vous guider vers l&#8217;emplacement exact du d\u00e9pose minute :<\/p>\n\n\n\n<div class=\"wp-block-columns is-layout-flex wp-container-core-columns-is-layout-28f84493 wp-block-columns-is-layout-flex\">\n<div class=\"wp-block-column is-layout-flow wp-block-column-is-layout-flow\"><\/div>\n\n\n\n<div class=\"wp-block-column is-layout-flow wp-block-column-is-layout-flow\"><\/div>\n\n\n\n<div class=\"wp-block-column is-layout-flow wp-block-column-is-layout-flow\"><\/div>\n\n\n\n<div class=\"wp-block-column is-layout-flow wp-block-column-is-layout-flow\"><\/div>\n<\/div>\n\n\n\n<p><\/p>\n\n\n\n<hr class=\"wp-block-separator has-alpha-channel-opacity\"\/>\n\n\n\n<hr class=\"wp-block-separator has-alpha-channel-opacity\"\/>\n\n\n\n\n\n<p>La 1\u00e8re option pour laisser la voiture est d&rsquo;utiliser le parking ext\u00e9rieur du Charvet, ou les parkings un peu plus loin si celui-ci est complet (c&rsquo;est rare).<\/p>\n\n\n\n<p><strong>Parking ext\u00e9rieur du Charvet (payant):<\/strong>&nbsp;R\u00e9servation conseill\u00e9e, surtout pendant les vacances scolaires en hiver ! En outre, une r\u00e9sidence a \u00e9t\u00e9 construite sur ce parking, r\u00e9duisant le nombre de places disponibles en 2025, et pour ne rien arranger, le parking couvert des Villards a \u00e9t\u00e9 ferm\u00e9. Consultez les tarifs et r\u00e9servations sur le site&nbsp;<a href=\"https:\/\/www.lesarcs.com\/parkings-arc-1800.html\">https:\/\/www.lesarcs.com\/parkings-arc-1800.html<\/a><\/p>\n\n\n\n\n\n<hr class=\"wp-block-separator has-alpha-channel-opacity\"\/>\n\n\n\n<hr class=\"wp-block-separator has-alpha-channel-opacity\"\/>\n\n\n\n\n\n<p>La 2\u00e8me option, est de garer la voiture dans le parking couvert du Charvet. Cela \u00e9vite de d\u00e9neiger au moment du d\u00e9part, mais les places sont tr\u00e8s convoit\u00e9es.<\/p>\n\n\n\n<p><strong>Parking couvert du Charvet (payant):<\/strong>&nbsp;R\u00e9servation conseill\u00e9e, surtout pendant les vacances scolaires en hiver ! Consultez les tarifs et r\u00e9servations sur le site <\/p>\n\n\n\n<p>&nbsp;<a href=\"https:\/\/www.lesarcs.com\/parkings-arc-1800.html\">https:\/\/www.lesarcs.com\/parkings-arc-1800.html<\/a><\/p>\n\n\n\n\n\n<hr class=\"wp-block-separator has-alpha-channel-opacity\"\/>\n\n\n\n<h3 class=\"wp-block-heading\"><strong>Autre option payante :<\/strong><\/h3>\n\n\n\n<p><strong>Laisser la voiture \u00e0 Bourg Saint Maurice et prendre le funiculaire<\/strong> pour rejoindre Acr 1600  et  la navette pour rejoindre Arc 1800. Avantage : moins de risque de neige en bas \u00e0 Bourg-Saint-Maurice que dans les stations.<\/p>\n\n\n\n<p><strong>Tarifs du parking moins cher.<\/strong> N\u00e9cessite de prendre votre forfait en bas pour b\u00e9n\u00e9ficier du funiculaire, ou bien payer l&rsquo;aller-retour (5 \u20ac tarif 2024).&nbsp; <a href=\"https:\/\/www.bourgsaintmaurice.fr\/parkings\/bourg-saint-maurice.html\">https:\/\/www.bourgsaintmaurice.fr\/parkings\/bourg-saint-maurice.html<\/a><\/p>\n\n\n\n\n\n\n\n<hr class=\"wp-block-separator has-alpha-channel-opacity\"\/>\n\n\n\n<p>Sinon, <strong>solution de parking <em>gratuite<\/em><\/strong> (<em>sous r\u00e9serve de trouver de la place<\/em>) : vous pouvez laisser votre voiture sur les parkings ext\u00e9rieurs gratuits \u00e0 Arc 1600 (encore gratuit en 2025, mais probablement payant dans les ann\u00e9es \u00e0 venir), et rejoindre Arc 1800 avec la navette gratuite. Les places sont rares pendant les vacances scolaires, et vous devrez sans doute tourner un peu. Vous pouvez \u00e9galement d\u00e9poser vos bagages \u00e0 Arc 1800 (au d\u00e9pose minute du Charvet au pied de la r\u00e9sidence Miravidi) et aller vous garer.<\/p>\n\n\n\n<p><a href=\"https:\/\/www.lesarcs.com\/votre-sejour\/organiser-vos-vacances\/mon-parking\/parkings-arc-1600.html\">https:\/\/www.lesarcs.com\/votre-sejour\/organiser-vos-vacances\/mon-parking\/parkings-arc-1600.html<\/a><\/p>\n\n\n\n<p>Ci-dessous : l&#8217;emplacement au plus proche des navettes \u00e0 Arc 1600. <\/p>\n\n\n\n\n\n<hr class=\"wp-block-separator has-alpha-channel-opacity\"\/>\n\n\n\n<p class=\"has-text-align-center has-medium-font-size\"><a href=\"https:\/\/studioarcs.fr\/index.php\/livret-daccueil-arc-1800\/\" data-type=\"page\" data-id=\"249\">Accueil<\/a><\/p>\n\n\n\n<p class=\"has-text-align-center has-medium-font-size\"><a href=\"https:\/\/studioarcs.fr\/index.php\/bienvenue-a-arc-1800\/\" data-type=\"page\" data-id=\"252\">Bienvenue \u00e0 Arc 1800<\/a><\/p>\n\n\n\n<p class=\"has-text-align-center has-medium-font-size\"><a href=\"https:\/\/studioarcs.fr\/index.php\/arc-1800-a-mettre-dans-vos-bagages\/\" data-type=\"page\" data-id=\"258\">A mettre dans vos bagages<\/a><\/p>\n\n\n\n<p class=\"has-text-align-center has-medium-font-size\"><a href=\"https:\/\/studioarcs.fr\/index.php\/venir-a-arc-1800-en-voiture-parking\/\" data-type=\"page\" data-id=\"269\">Venir \u00e0 Arc 1800 en voiture &#8211; Solutions de parking<\/a><\/p>\n\n\n\n<p class=\"has-text-align-center has-medium-font-size\"><a href=\"https:\/\/studioarcs.fr\/index.php\/venir-en-train-et-utiliser-le-funiculaire\/\" data-type=\"page\" data-id=\"284\">Venir en train et utiliser le funiculaire<\/a><\/p>\n\n\n\n<p class=\"has-text-align-center has-medium-font-size\"><a href=\"https:\/\/studioarcs.fr\/index.php\/comment-recuperer-les-cles\/\" data-type=\"page\" data-id=\"293\">Comment r\u00e9cup\u00e9rer les cl\u00e9s ?<\/a><\/p>\n\n\n\n<p class=\"has-text-align-center has-medium-font-size\"><a href=\"https:\/\/studioarcs.fr\/index.php\/comment-trouver-le-studio-321-dans-la-residence-miravidi\/\" data-type=\"page\" data-id=\"298\">Comment trouver le studio?<\/a><\/p>\n\n\n\n<p class=\"has-text-align-center has-medium-font-size\"><a href=\"https:\/\/studioarcs.fr\/index.php\/tour-du-studio-et-inventaire\/\" data-type=\"page\" data-id=\"303\">Tour du studio \/ Inventaire \/ Ce que vous trouverez \/ O\u00f9 ranger les skis ?<\/a><\/p>\n\n\n\n<p class=\"has-text-align-center has-medium-font-size\"><a href=\"https:\/\/studioarcs.fr\/index.php\/que-faire-aux-arcs\/\" data-type=\"page\" data-id=\"313\">Que faire aux Arcs ?<\/a><\/p>\n\n\n\n<p class=\"has-text-align-center has-medium-font-size\"><a href=\"https:\/\/studioarcs.fr\/index.php\/fin-de-sejour-menage\/\" data-type=\"page\" data-id=\"322\">Fin de s\u00e9jour \/ M\u00e9nage<\/a><\/p>\n\n\n\n<p class=\"has-text-align-center has-medium-font-size\"><a href=\"https:\/\/studioarcs.fr\/index.php\/a-la-prochaine\/\" data-type=\"page\" data-id=\"324\">A la prochaine !<\/a><\/p>\n\n\n\n<hr class=\"wp-block-separator has-alpha-channel-opacity\"\/>\n\n\n\n<p class=\"has-text-align-center has-medium-font-size\"><a href=\"https:\/\/studioarcs.fr\/index.php\/english-summary-of-the-welcome-guide\/\" data-type=\"page\" data-id=\"424\">English Summary of the Welcome Guide<\/a><\/p>\n\n\n","protected":false},"excerpt":{"rendered":"<p>Venir \u00e0 ARC 1800 en voiture. Solutions de parking V\u00e9rifiez d&rsquo;abord l&rsquo;\u00e9tat des routes et assurez vous de disposer d&rsquo;\u00e9quipements bien adapt\u00e9s. ATTENTION : les PNEUS NEIGE ou CHA\u00ceNES SONT OBLIGATOIRES EN HIVER Cliquez sur l&rsquo;ic\u00f4ne de votre GPS favori ci-dessous pour vous guider vers l&#8217;emplacement exact du studio : A votre arriv\u00e9e, vous pourrez [&hellip;]<\/p>\n","protected":false},"author":1,"featured_media":0,"parent":0,"menu_order":0,"comment_status":"closed","ping_status":"closed","template":"","meta":{"saved_in_kubio":false,"footnotes":""},"class_list":["post-269","page","type-page","status-publish","hentry"],"kubio_ai_page_context":{"short_desc":"","purpose":"general"},"_links":{"self":[{"href":"https:\/\/studioarcs.fr\/index.php\/wp-json\/wp\/v2\/pages\/269","targetHints":{"allow":["GET"]}}],"collection":[{"href":"https:\/\/studioarcs.fr\/index.php\/wp-json\/wp\/v2\/pages"}],"about":[{"href":"https:\/\/studioarcs.fr\/index.php\/wp-json\/wp\/v2\/types\/page"}],"author":[{"embeddable":true,"href":"https:\/\/studioarcs.fr\/index.php\/wp-json\/wp\/v2\/users\/1"}],"replies":[{"embeddable":true,"href":"https:\/\/studioarcs.fr\/index.php\/wp-json\/wp\/v2\/comments?post=269"}],"version-history":[{"count":35,"href":"https:\/\/studioarcs.fr\/index.php\/wp-json\/wp\/v2\/pages\/269\/revisions"}],"predecessor-version":[{"id":936,"href":"https:\/\/studioarcs.fr\/index.php\/wp-json\/wp\/v2\/pages\/269\/revisions\/936"}],"wp:attachment":[{"href":"https:\/\/studioarcs.fr\/index.php\/wp-json\/wp\/v2\/media?parent=269"}],"curies":[{"name":"wp","href":"https:\/\/api.w.org\/{rel}","templated":true}]}}