{"id":501,"date":"2025-05-28T12:19:47","date_gmt":"2025-05-28T10:19:47","guid":{"rendered":"https:\/\/studioarcs.fr\/?page_id=501"},"modified":"2026-03-05T10:25:56","modified_gmt":"2026-03-05T09:25:56","slug":"comment-recuperer-les-cles-1600","status":"publish","type":"page","link":"https:\/\/studioarcs.fr\/index.php\/comment-recuperer-les-cles-1600\/","title":{"rendered":"Comment r\u00e9cup\u00e9rer les cl\u00e9s 1600"},"content":{"rendered":"\n<p class=\"has-x-large-font-size\"><strong>Partage du studio et Comment r\u00e9cup\u00e9rer les cl\u00e9s ?<\/strong><\/p>\n\n\n\n<p><strong>Partage du studio entre les arrivants et les partants :<\/strong><\/p>\n\n\n\n<p>Afin que chacun puisse profiter au maximum de son s\u00e9jour, il est demand\u00e9 de<strong>&nbsp;partager l\u2019acc\u00e8s au studio entre les locataires<\/strong>&nbsp;afin de d\u00e9poser les bagages \u00e0 l\u2019arriv\u00e9e ou les garder au d\u00e9part en pensant \u00e0 laisser les cl\u00e9s dans le boitier s\u00e9curis\u00e9 si besoin de s\u2019absenter.<br><strong>Il conviendra d\u2019informer le propri\u00e9taire de vos heures d\u2019arriv\u00e9e et de d\u00e9part afin de bien g\u00e9rer la transition.<\/strong><br>Les cl\u00e9s vous attendront dans un bo\u00eetier \u00e0 cl\u00e9s accessible 24h\/24. Les informations n\u00e9cessaires pour r\u00e9cup\u00e9rer les cl\u00e9s vous seront envoy\u00e9es une semaine avant votre arriv\u00e9e.<br>Si le studio est occup\u00e9 le jour de votre arriv\u00e9e ou de votre d\u00e9part, il est demand\u00e9 qu\u2019il soit partag\u00e9.<\/p>\n\n\n\n<p><strong>Le locataire partant doit faire le m\u00e9nage avant de quitter le studio.<\/strong><br>Si le partant souhaite profiter de sa journ\u00e9e pour skier et laisser ses affaires dans le studio, il devra laisser le studio propre avant de partir, appellera le propri\u00e9taire pour faire une visio d\u2019\u00e9tat des lieux, et&nbsp;<strong>laissera les cl\u00e9s dans le boitier \u00e0 cl\u00e9s en partant pour permettre \u00e0 l\u2019arrivant d\u2019acc\u00e9der au studio<\/strong>&nbsp;et d\u00e9poser ses bagages.<br>Le locataire arrivant pourra alors acc\u00e9der au studio d\u00e8s son arriv\u00e9e \u00e0 la station. Il laissera \u00e9galement les cl\u00e9s dans le boitier s\u2019il doit s\u2019absenter pour permettre au partant de r\u00e9cup\u00e9rer ses bagages.<br><strong>Ainsi chacun pourra profiter au maximum de son jour d\u2019arriv\u00e9e et de son jour de d\u00e9part, en pensant bien \u00e0 laisser les cl\u00e9s dans le boitier s\u00e9curis\u00e9 si besoin de s\u2019absenter.<\/strong><\/p>\n\n\n\n\n\n\n\n<hr class=\"wp-block-separator has-alpha-channel-opacity\"\/>\n\n\n\n<p class=\"has-text-align-center has-x-large-font-size\"><strong>Pour r\u00e9cup\u00e9rer les cl\u00e9s<\/strong><\/p>\n\n\n\n<p>Il faut d&rsquo;abord vous rendre \u00e0 l&rsquo;all\u00e9e 2 (avant derni\u00e8re all\u00e9e), en haut de la r\u00e9sidence <strong><em>la Cascade.<\/em><\/strong><\/p>\n\n\n\n\n\n\n\n<p>Les cl\u00e9s sont dans un bo\u00eetier s\u00e9curis\u00e9 situ\u00e9 dans le casier \u00e0 skis n\u00b0525. Le casier \u00e0 Ski n&rsquo;est pas ferm\u00e9 puisque la cl\u00e9 du casier est dans le bo\u00eetier.  <\/p>\n\n\n\n\n\n<p><br>Pour ouvrir le bo\u00eetier, entrez le code que je vous aurai fait parvenir, puis pressez les boutons de part et d&rsquo;autre du bo\u00eetier.<\/p>\n\n\n\n\n\n<p>Vous trouverez deux jeux de cl\u00e9s dont une pour fermer le casier \u00e0 skis et les autres pour entrer dans le studio <strong>(serrure du haut uniquement).<\/strong><\/p>\n\n\n\n<p><br>Une fois les cl\u00e9s r\u00e9cup\u00e9r\u00e9es, vous pouvez ranger vos skis dans le casier et le refermer \u00e0 cl\u00e9s. <br><\/p>\n\n\n\n<p>Le studio se situe au 2\u00e8me \u00e9tage face Nord. Studio 525.<\/p>\n\n\n\n<hr class=\"wp-block-separator has-alpha-channel-opacity\"\/>\n\n\n\n<div class=\"wp-block-group is-style-section-5 has-global-padding is-layout-constrained wp-block-group-is-layout-constrained is-style-section-5--1\">\n<p class=\"has-text-align-center\"><a href=\"https:\/\/studioarcs.fr\/index.php\/livret-daccueil-arc-1600\/\">Livret d\u2019accueil<\/a><\/p>\n\n\n\n<p class=\"has-text-align-center\"><a href=\"https:\/\/studioarcs.fr\/index.php\/bienvenue-a-arc-1600\/\">Bienvenue \u00e0 Arc 1600<\/a><\/p>\n\n\n\n<p class=\"has-text-align-center\"><a href=\"https:\/\/studioarcs.fr\/index.php\/a-mettre-dans-vos-bagages-1600\/\">A mettre dans vos bagages<\/a><\/p>\n\n\n\n<p class=\"has-text-align-center\"><a href=\"https:\/\/studioarcs.fr\/index.php\/venir-a-arc-1600-en-voiture\/\">Venir \u00e0 Arc 1600 en voiture. Solutions de parking<\/a><\/p>\n\n\n\n<p class=\"has-text-align-center\"><a href=\"https:\/\/studioarcs.fr\/index.php\/venir-en-train-et-utiliser-le-funiculaire-1600\/\">Venir \u00e0 Arc 1600 en train<\/a><\/p>\n\n\n\n<p class=\"has-text-align-center\"><a href=\"https:\/\/studioarcs.fr\/index.php\/comment-recuperer-les-cles-1600\/\">R\u00e9cup\u00e9rer les cl\u00e9s<\/a><\/p>\n\n\n\n<p class=\"has-text-align-center\"><a href=\"https:\/\/studioarcs.fr\/index.php\/checkin-1600\/\">Arriv\u00e9e au studio \/ Ce que vous trouverez\/ Check In<\/a><\/p>\n\n\n\n<p class=\"has-text-align-center\"><a href=\"https:\/\/studioarcs.fr\/index.php\/que-faire-aux-arcs-1600\/\">Que faire aux Arcs ?<\/a><\/p>\n\n\n\n<p class=\"has-text-align-center\"><a href=\"https:\/\/studioarcs.fr\/index.php\/fin-de-sejour-1600\/\">Fin de s\u00e9jour \/ M\u00e9nage<\/a><\/p>\n\n\n\n<p class=\"has-text-align-center\"><a href=\"https:\/\/studioarcs.fr\/index.php\/a-la-prochaine-1600\/\">A la prochaine !<\/a><\/p>\n\n\n\n<hr class=\"wp-block-separator has-alpha-channel-opacity\"\/>\n\n\n\n<p class=\"has-text-align-center\"><a href=\"https:\/\/studioarcs.fr\/index.php\/english-booklet-1600\/\">English<\/a><\/p>\n\n\n<\/div>\n\n\n\n<p><\/p>\n","protected":false},"excerpt":{"rendered":"<p>Partage du studio et Comment r\u00e9cup\u00e9rer les cl\u00e9s ? Partage du studio entre les arrivants et les partants : Afin que chacun puisse profiter au maximum de son s\u00e9jour, il est demand\u00e9 de&nbsp;partager l\u2019acc\u00e8s au studio entre les locataires&nbsp;afin de d\u00e9poser les bagages \u00e0 l\u2019arriv\u00e9e ou les garder au d\u00e9part en pensant \u00e0 laisser les [&hellip;]<\/p>\n","protected":false},"author":1,"featured_media":0,"parent":0,"menu_order":0,"comment_status":"closed","ping_status":"closed","template":"","meta":{"saved_in_kubio":false,"footnotes":""},"class_list":["post-501","page","type-page","status-publish","hentry"],"kubio_ai_page_context":{"short_desc":"","purpose":"general"},"_links":{"self":[{"href":"https:\/\/studioarcs.fr\/index.php\/wp-json\/wp\/v2\/pages\/501","targetHints":{"allow":["GET"]}}],"collection":[{"href":"https:\/\/studioarcs.fr\/index.php\/wp-json\/wp\/v2\/pages"}],"about":[{"href":"https:\/\/studioarcs.fr\/index.php\/wp-json\/wp\/v2\/types\/page"}],"author":[{"embeddable":true,"href":"https:\/\/studioarcs.fr\/index.php\/wp-json\/wp\/v2\/users\/1"}],"replies":[{"embeddable":true,"href":"https:\/\/studioarcs.fr\/index.php\/wp-json\/wp\/v2\/comments?post=501"}],"version-history":[{"count":8,"href":"https:\/\/studioarcs.fr\/index.php\/wp-json\/wp\/v2\/pages\/501\/revisions"}],"predecessor-version":[{"id":1088,"href":"https:\/\/studioarcs.fr\/index.php\/wp-json\/wp\/v2\/pages\/501\/revisions\/1088"}],"wp:attachment":[{"href":"https:\/\/studioarcs.fr\/index.php\/wp-json\/wp\/v2\/media?parent=501"}],"curies":[{"name":"wp","href":"https:\/\/api.w.org\/{rel}","templated":true}]}}