{"id":505,"date":"2025-05-28T12:36:02","date_gmt":"2025-05-28T10:36:02","guid":{"rendered":"https:\/\/studioarcs.fr\/?page_id=505"},"modified":"2026-03-05T11:00:34","modified_gmt":"2026-03-05T10:00:34","slug":"checkin-1600","status":"publish","type":"page","link":"https:\/\/studioarcs.fr\/index.php\/checkin-1600\/","title":{"rendered":"CheckIn 1600"},"content":{"rendered":"\n<p class=\"has-xx-large-font-size\"><strong>Arriv\u00e9e au studio &#8211; Check in<\/strong><\/p>\n\n\n\n\n\n<div class=\"wp-block-group has-global-padding is-layout-constrained wp-block-group-is-layout-constrained\">\n<div class=\"wp-block-group is-layout-flow wp-block-group-is-layout-flow\">\n<div class=\"wp-block-group is-style-section-2 has-background has-global-padding is-layout-constrained wp-container-core-group-is-layout-95730b41 wp-block-group-is-layout-constrained is-style-section-2--1\" style=\"background-color:#ffffff;padding-top:0;padding-bottom:0\">\n<div class=\"wp-block-group has-global-padding is-content-justification-left is-layout-constrained wp-container-core-group-is-layout-9133285f wp-block-group-is-layout-constrained\">\n<div class=\"wp-block-group is-vertical is-content-justification-right is-layout-flex wp-container-core-group-is-layout-c0d519fa wp-block-group-is-layout-flex\">\n<figure class=\"wp-block-image size-thumbnail\"><a href=\"https:\/\/studioarcs.fr\/index.php\/check-in-english\/\"><img loading=\"lazy\" decoding=\"async\" width=\"150\" height=\"150\" src=\"https:\/\/studioarcs.fr\/wp-content\/uploads\/2025\/05\/flag-150x150.png\" alt=\"\" class=\"wp-image-427\"\/><\/a><figcaption class=\"wp-element-caption\">English <\/figcaption><\/figure>\n<\/div>\n<\/div>\n<\/div>\n<\/div>\n<\/div>\n\n\n\n\n\n<p>Sommaire<\/p>\n\n\n\n<ul class=\"wp-block-list\">\n<li><a href=\"#heure\" data-type=\"internal\" data-id=\"#heure\">Heure d&rsquo;arriv\u00e9e<\/a><\/li>\n\n\n\n<li><a href=\"#partagecles\" data-type=\"internal\" data-id=\"#partagecles\">Partage des cl\u00e9s<\/a><\/li>\n\n\n\n<li><a href=\"#courant\">Courant \u00e9lectrique<\/a><\/li>\n\n\n\n<li><a href=\"#tourstudio\" data-type=\"internal\" data-id=\"#tourstudio\">Tour du studio \/ Etat des lieux<\/a><\/li>\n\n\n\n<li><a href=\"#inventaire\">Equipement<\/a><\/li>\n\n\n\n<li><a href=\"#plaquecuisson\" data-type=\"internal\" data-id=\"#plaquecuisson\">Utilisation de la plaque de cuisson \/ D\u00e9pannage<\/a><\/li>\n\n\n\n<li><a href=\"#aspirateur\">Aspirateur \/ Chauffage<\/a><\/li>\n<\/ul>\n\n\n\n<p><\/p>\n\n\n\n<p><\/p>\n\n\n\n<p><\/p>\n\n\n\n<p><\/p>\n\n\n\n<div class=\"wp-block-group is-style-section-2 has-global-padding is-layout-constrained wp-block-group-is-layout-constrained is-style-section-2--2\">\n<div class=\"wp-block-group is-style-section-2 has-global-padding is-layout-constrained wp-block-group-is-layout-constrained is-style-section-2--3\">\n<div class=\"wp-block-group has-global-padding is-layout-constrained wp-block-group-is-layout-constrained\">\n<div class=\"wp-block-group has-global-padding is-layout-constrained wp-block-group-is-layout-constrained\">\n<p class=\"has-x-large-font-size\" id=\"heure\"><strong>Heure d&rsquo;arriv\u00e9e :<\/strong><\/p>\n\n\n\n<p>J&rsquo;ai \u00e9dict\u00e9 ces r\u00e8gles g\u00e9n\u00e9rales pour donner un cadre, et surtout \u00e9viter les malentendus entre les locataires :<br><strong>Arriv\u00e9e : <\/strong>La prise de possession du studio se fait \u00e0 <strong>13h00<\/strong>.<br><\/p>\n\n\n<\/div>\n\n\n\n<p>Mais l&rsquo;<em>arrivant<\/em> a la possibilit\u00e9 de d\u00e9poser ses affaires avant 13h00 s&rsquo;il souhaite profiter pleinement de sa premi\u00e8re journ\u00e9e. <\/p>\n\n\n\n<p>Le <em>partant<\/em> lui laissera la possibilit\u00e9 de d\u00e9poser ses affaires.<br><\/p>\n<\/div>\n\n\n\n<p>De la m\u00eame mani\u00e8re, l&rsquo;<em>arrivant<\/em> pourra garder les affaires du partant l&rsquo;apr\u00e8s-midi pour lui permettre de profiter de sa journ\u00e9e avant son d\u00e9part.<\/p>\n<\/div>\n\n\n\n<p class=\"is-style-default has-accent-1-background-color has-background\" id=\"partagecles\"><strong>Partage des cl\u00e9s :<\/strong><br>Pour ce faire, le premier jour (et le dernier jour), <em>arrivants<\/em> (<em>ou partants<\/em>) laissent les cl\u00e9s dans le bo\u00eetier s\u00e9curis\u00e9 s&rsquo;ils sortent du studio pour permettre aux autres de d\u00e9poser (ou r\u00e9cup\u00e9rer) leurs affaires avant (et apr\u00e8s) 13h00.<\/p>\n\n\n\n\n\n<p><br>Au besoin, contactez moi pour disposer des coordonn\u00e9es<br>des personnes avec qui vous ferez la transition.<\/p>\n<\/div>\n\n\n\n<p id=\"courant\">Mettre le courant en arrivant (et le couper en partant). Il faut appuyer sur le bouton vert pour mettre le courant, (rouge pour le couper) sur le disjoncteur principal que vous trouverez sur le mur de gauche en rentrant.<\/p>\n\n\n\n\n\n<hr class=\"wp-block-separator has-alpha-channel-opacity\"\/>\n\n\n\n<div class=\"wp-block-group is-style-section-1 has-global-padding is-layout-constrained wp-block-group-is-layout-constrained is-style-section-1--4\">\n<div class=\"wp-block-group is-style-section-1 has-global-padding is-layout-constrained wp-block-group-is-layout-constrained is-style-section-1--5\">\n<p class=\"has-x-large-font-size\" id=\"tourstudio\"><strong>Tour du studio, \u00e9tat des lieux<\/strong><\/p>\n\n\n\n\n<\/div>\n\n\n\n<p class=\"has-accent-1-background-color has-background\"><strong>Pour info concernant la caution:<\/strong>&nbsp;Les tarifs appliqu\u00e9s par les prestataires pour le m\u00e9nage vont de 70\u20ac \u00e0 300\u20ac selon l\u2019\u00e9tat g\u00e9n\u00e9ral du studio et l\u2019urgence de l\u2019intervention. Je retiendra la caution en cas de manquement flagrant.<\/p>\n\n\n\n<p>L\u2019inventaire peut \u00eatre fait rapidement. Cela concerne principalement le mobilier et les appareils \u00e9lectro-m\u00e9nagers.<\/p>\n<\/div>\n\n\n\n<hr class=\"wp-block-separator has-alpha-channel-opacity\"\/>\n\n\n\n<div class=\"wp-block-group is-style-section-2 has-global-padding is-layout-constrained wp-block-group-is-layout-constrained is-style-section-2--6\">\n<h2 class=\"wp-block-heading\" id=\"inventaire\">Ce que vous trouverez dans le studio<\/h2>\n\n\n\n<p>Il y a tout le n\u00e9cessaire pour bien profiter des vacances \u00e0 la montagne.<\/p>\n\n\n\n\n\n<p>Il y a les incontournables&nbsp;<strong>appareil \u00e0 raclette et appareil \u00e0 fondue<\/strong>. Comment s\u2019en passer au pays du Beaufort ?<\/p>\n\n\n\n<figure class=\"wp-block-image aligncenter size-thumbnail\"><img loading=\"lazy\" decoding=\"async\" width=\"150\" height=\"150\" src=\"https:\/\/studioarcs.fr\/wp-content\/uploads\/2025\/05\/beauofort-ete-500-gr-3-2000x2000-1-150x150.png\" alt=\"\" class=\"wp-image-308\" srcset=\"https:\/\/studioarcs.fr\/wp-content\/uploads\/2025\/05\/beauofort-ete-500-gr-3-2000x2000-1-150x150.png 150w, https:\/\/studioarcs.fr\/wp-content\/uploads\/2025\/05\/beauofort-ete-500-gr-3-2000x2000-1-300x300.png 300w, https:\/\/studioarcs.fr\/wp-content\/uploads\/2025\/05\/beauofort-ete-500-gr-3-2000x2000-1-1024x1024.png 1024w, https:\/\/studioarcs.fr\/wp-content\/uploads\/2025\/05\/beauofort-ete-500-gr-3-2000x2000-1-768x768.png 768w, https:\/\/studioarcs.fr\/wp-content\/uploads\/2025\/05\/beauofort-ete-500-gr-3-2000x2000-1-1536x1536.png 1536w, https:\/\/studioarcs.fr\/wp-content\/uploads\/2025\/05\/beauofort-ete-500-gr-3-2000x2000-1-1080x1080.png 1080w, https:\/\/studioarcs.fr\/wp-content\/uploads\/2025\/05\/beauofort-ete-500-gr-3-2000x2000-1.png 2000w\" sizes=\"(max-width: 150px) 100vw, 150px\" \/><\/figure>\n\n\n\n<p>La cuisine est \u00e9quip\u00e9e d\u2019une&nbsp;<strong>cafeti\u00e8re Senseo<\/strong> (pensez \u00e0 apporter des dosettes), une bouilloire, un petit four, un four \u00e0 micro-ondes, un grille pain, un petit frigo et la vaisselle n\u00e9cessaire pour 4 personnes.<\/p>\n\n\n\n\n\n<p>Je laisse \u00e9galement \u00e0 disposition des condiments (sel, poivre, sucre, huile, vinaigre), mais si je ne suis pas venu r\u00e9cemment au studio et que les pr\u00e9c\u00e9dents ont beaucoup consomm\u00e9, il est possible qu&rsquo;il en manque.<\/p>\n\n\n\n<p>Il y a \u00e9galement \u00e0 disposition des produits pour le m\u00e9nage et des sacs poubelles (sous r\u00e9serve que les pr\u00e9c\u00e9dents n&rsquo;aient pas tout utilis\u00e9).<\/p>\n\n\n\n<p class=\"has-accent-1-background-color has-background\" id=\"plaquecuisson\"><em>A noter que la <strong>plaque de cuisson<\/strong> est parfois capricieuse. Elle se met en <strong>\u00ab\u00a0Lock\u00a0\u00bb.<\/strong> Elle affiche \u00ab\u00a0Lo\u00a0\u00bb sur son panneau de contr\u00f4le. Pour la d\u00e9locker, il faut laisser son index quelques secondes appuy\u00e9 sur<strong>l&rsquo;ic\u00f4ne repr\u00e9sentant une cl\u00e9,<\/strong> \u00e0 droite, et \u00e7a devrait fonctionner \u00e0 nouveau.<\/em> <\/p>\n\n\n\n<p class=\"has-accent-1-background-color has-background\">Voir vid\u00e9o ci-dessous pour d\u00e9locker la table de cuisson:<\/p>\n\n\n\n\n\n\n\n<hr class=\"wp-block-separator has-alpha-channel-opacity\"\/>\n\n\n\n<p>Pensez \u00e0 apporter du papier toilette (et votre linge, je l&rsquo;ai d\u00e9j\u00e0 \u00e9voqu\u00e9&#8230;)<\/p>\n\n\n\n<hr class=\"wp-block-separator has-alpha-channel-opacity\"\/>\n<\/div>\n\n\n\n<p id=\"aspirateur\">Un aspirateur est disponible. Pensez bien \u00e0 le brancher pour qu&rsquo;il soit recharg\u00e9 quand vous voudrez vous en servir.<\/p>\n\n\n\n<p>PS : Le chauffage noir sur la photo n&rsquo;est pas en service. Il ne sert qu&rsquo;\u00e0 chauffer pendant les p\u00e9riodes hors saison, et que le chauffage collectif est insuffisant. Au besoin, vous trouverez un petit chauffage soufflant.<\/p>\n\n\n\n\n\n\n\n<div class=\"wp-block-group is-style-section-5 has-global-padding is-layout-constrained wp-block-group-is-layout-constrained is-style-section-5--7\">\n<p class=\"has-text-align-center\"><a href=\"https:\/\/studioarcs.fr\/index.php\/livret-daccueil-arc-1600\/\">Livret d\u2019accueil<\/a><\/p>\n\n\n\n<p class=\"has-text-align-center\"><a href=\"https:\/\/studioarcs.fr\/index.php\/bienvenue-a-arc-1600\/\">Bienvenue \u00e0 Arc 1600<\/a><\/p>\n\n\n\n<p class=\"has-text-align-center\"><a href=\"https:\/\/studioarcs.fr\/index.php\/a-mettre-dans-vos-bagages-1600\/\">A mettre dans vos bagages<\/a><\/p>\n\n\n\n<p class=\"has-text-align-center\"><a href=\"https:\/\/studioarcs.fr\/index.php\/venir-a-arc-1600-en-voiture\/\">Venir \u00e0 Arc 1600 en voiture. Solutions de parking<\/a><\/p>\n\n\n\n<p class=\"has-text-align-center\"><a href=\"https:\/\/studioarcs.fr\/index.php\/venir-en-train-et-utiliser-le-funiculaire-1600\/\">Venir \u00e0 Arc 1600 en train<\/a><\/p>\n\n\n\n<p class=\"has-text-align-center\"><a href=\"https:\/\/studioarcs.fr\/index.php\/comment-recuperer-les-cles-1600\/\">R\u00e9cup\u00e9rer les cl\u00e9s<\/a><\/p>\n\n\n\n<p class=\"has-text-align-center\"><a href=\"https:\/\/studioarcs.fr\/index.php\/checkin-1600\/\">Arriv\u00e9e au studio \/ Ce que vous trouverez\/ Check In<\/a><\/p>\n\n\n\n<p class=\"has-text-align-center\"><a href=\"https:\/\/studioarcs.fr\/index.php\/que-faire-aux-arcs-1600\/\">Que faire aux Arcs ?<\/a><\/p>\n\n\n\n<p class=\"has-text-align-center\"><a href=\"https:\/\/studioarcs.fr\/index.php\/fin-de-sejour-1600\/\">Fin de s\u00e9jour \/ M\u00e9nage<\/a><\/p>\n\n\n\n<p class=\"has-text-align-center\"><a href=\"https:\/\/studioarcs.fr\/index.php\/a-la-prochaine-1600\/\">A la prochaine !<\/a><\/p>\n\n\n\n<hr class=\"wp-block-separator has-alpha-channel-opacity\"\/>\n\n\n\n<p class=\"has-text-align-center\"><a href=\"https:\/\/studioarcs.fr\/index.php\/english-booklet-1600\/\">English<\/a><\/p>\n\n\n<\/div>\n\n\n","protected":false},"excerpt":{"rendered":"<p>Arriv\u00e9e au studio &#8211; Check in Sommaire Heure d&rsquo;arriv\u00e9e : J&rsquo;ai \u00e9dict\u00e9 ces r\u00e8gles g\u00e9n\u00e9rales pour donner un cadre, et surtout \u00e9viter les malentendus entre les locataires :Arriv\u00e9e : La prise de possession du studio se fait \u00e0 13h00. Mais l&rsquo;arrivant a la possibilit\u00e9 de d\u00e9poser ses affaires avant 13h00 s&rsquo;il souhaite profiter pleinement de [&hellip;]<\/p>\n","protected":false},"author":1,"featured_media":0,"parent":0,"menu_order":0,"comment_status":"closed","ping_status":"closed","template":"","meta":{"saved_in_kubio":false,"footnotes":""},"class_list":["post-505","page","type-page","status-publish","hentry"],"kubio_ai_page_context":{"short_desc":"","purpose":"general"},"_links":{"self":[{"href":"https:\/\/studioarcs.fr\/index.php\/wp-json\/wp\/v2\/pages\/505","targetHints":{"allow":["GET"]}}],"collection":[{"href":"https:\/\/studioarcs.fr\/index.php\/wp-json\/wp\/v2\/pages"}],"about":[{"href":"https:\/\/studioarcs.fr\/index.php\/wp-json\/wp\/v2\/types\/page"}],"author":[{"embeddable":true,"href":"https:\/\/studioarcs.fr\/index.php\/wp-json\/wp\/v2\/users\/1"}],"replies":[{"embeddable":true,"href":"https:\/\/studioarcs.fr\/index.php\/wp-json\/wp\/v2\/comments?post=505"}],"version-history":[{"count":26,"href":"https:\/\/studioarcs.fr\/index.php\/wp-json\/wp\/v2\/pages\/505\/revisions"}],"predecessor-version":[{"id":1093,"href":"https:\/\/studioarcs.fr\/index.php\/wp-json\/wp\/v2\/pages\/505\/revisions\/1093"}],"wp:attachment":[{"href":"https:\/\/studioarcs.fr\/index.php\/wp-json\/wp\/v2\/media?parent=505"}],"curies":[{"name":"wp","href":"https:\/\/api.w.org\/{rel}","templated":true}]}}

<p class="has-xx-large-font-size"><strong>Arrivée au studio &#8211; Check in</strong></p>





<div class="wp-block-group has-global-padding is-layout-constrained wp-block-group-is-layout-constrained">
<div class="wp-block-group is-layout-flow wp-block-group-is-layout-flow">
<div class="wp-block-group is-style-section-2 has-background has-global-padding is-layout-constrained wp-container-core-group-is-layout-95730b41 wp-block-group-is-layout-constrained is-style-section-2--1" style="background-color:#ffffff;padding-top:0;padding-bottom:0">
<div class="wp-block-group has-global-padding is-content-justification-left is-layout-constrained wp-container-core-group-is-layout-9133285f wp-block-group-is-layout-constrained">
<div class="wp-block-group is-vertical is-content-justification-right is-layout-flex wp-container-core-group-is-layout-c0d519fa wp-block-group-is-layout-flex">
<figure class="wp-block-image size-thumbnail"><a href="https://studioarcs.fr/index.php/check-in-english/"><img loading="lazy" decoding="async" width="150" height="150" src="https://studioarcs.fr/wp-content/uploads/2025/05/flag-150x150.png" alt="" class="wp-image-427"/></a><figcaption class="wp-element-caption">English </figcaption></figure>
</div>
</div>
</div>
</div>
</div>





<p>Sommaire</p>



<ul class="wp-block-list">
<li><a href="#heure" data-type="internal" data-id="#heure">Heure d&rsquo;arrivée</a></li>



<li><a href="#partagecles" data-type="internal" data-id="#partagecles">Partage des clés</a></li>



<li><a href="#courant">Courant électrique</a></li>



<li><a href="#tourstudio" data-type="internal" data-id="#tourstudio">Tour du studio / Etat des lieux</a></li>



<li><a href="#inventaire">Equipement</a></li>



<li><a href="#plaquecuisson" data-type="internal" data-id="#plaquecuisson">Utilisation de la plaque de cuisson / Dépannage</a></li>



<li><a href="#aspirateur">Aspirateur / Chauffage</a></li>
</ul>



<p></p>



<p></p>



<p></p>



<p></p>



<div class="wp-block-group is-style-section-2 has-global-padding is-layout-constrained wp-block-group-is-layout-constrained is-style-section-2--2">
<div class="wp-block-group is-style-section-2 has-global-padding is-layout-constrained wp-block-group-is-layout-constrained is-style-section-2--3">
<div class="wp-block-group has-global-padding is-layout-constrained wp-block-group-is-layout-constrained">
<div class="wp-block-group has-global-padding is-layout-constrained wp-block-group-is-layout-constrained">
<p class="has-x-large-font-size" id="heure"><strong>Heure d&rsquo;arrivée :</strong></p>



<p>J&rsquo;ai édicté ces règles générales pour donner un cadre, et surtout éviter les malentendus entre les locataires :<br><strong>Arrivée : </strong>La prise de possession du studio se fait à <strong>13h00</strong>.<br></p>


</div>



<p>Mais l&rsquo;<em>arrivant</em> a la possibilité de déposer ses affaires avant 13h00 s&rsquo;il souhaite profiter pleinement de sa première journée. </p>



<p>Le <em>partant</em> lui laissera la possibilité de déposer ses affaires.<br></p>
</div>



<p>De la même manière, l&rsquo;<em>arrivant</em> pourra garder les affaires du partant l&rsquo;après-midi pour lui permettre de profiter de sa journée avant son départ.</p>
</div>



<p class="is-style-default has-accent-1-background-color has-background" id="partagecles"><strong>Partage des clés :</strong><br>Pour ce faire, le premier jour (et le dernier jour), <em>arrivants</em> (<em>ou partants</em>) laissent les clés dans le boîtier sécurisé s&rsquo;ils sortent du studio pour permettre aux autres de déposer (ou récupérer) leurs affaires avant (et après) 13h00.</p>





<p><br>Au besoin, contactez moi pour disposer des coordonnées<br>des personnes avec qui vous ferez la transition.</p>
</div>



<p id="courant">Mettre le courant en arrivant (et le couper en partant). Il faut appuyer sur le bouton vert pour mettre le courant, (rouge pour le couper) sur le disjoncteur principal que vous trouverez sur le mur de gauche en rentrant.</p>





<hr class="wp-block-separator has-alpha-channel-opacity"/>



<div class="wp-block-group is-style-section-1 has-global-padding is-layout-constrained wp-block-group-is-layout-constrained is-style-section-1--4">
<div class="wp-block-group is-style-section-1 has-global-padding is-layout-constrained wp-block-group-is-layout-constrained is-style-section-1--5">
<p class="has-x-large-font-size" id="tourstudio"><strong>Tour du studio, état des lieux</strong></p>




</div>



<p class="has-accent-1-background-color has-background"><strong>Pour info concernant la caution:</strong>&nbsp;Les tarifs appliqués par les prestataires pour le ménage vont de 70€ à 300€ selon l’état général du studio et l’urgence de l’intervention. Je retiendra la caution en cas de manquement flagrant.</p>



<p>L’inventaire peut être fait rapidement. Cela concerne principalement le mobilier et les appareils électro-ménagers.</p>
</div>



<hr class="wp-block-separator has-alpha-channel-opacity"/>



<div class="wp-block-group is-style-section-2 has-global-padding is-layout-constrained wp-block-group-is-layout-constrained is-style-section-2--6">
<h2 class="wp-block-heading" id="inventaire">Ce que vous trouverez dans le studio</h2>



<p>Il y a tout le nécessaire pour bien profiter des vacances à la montagne.</p>





<p>Il y a les incontournables&nbsp;<strong>appareil à raclette et appareil à fondue</strong>. Comment s’en passer au pays du Beaufort ?</p>



<figure class="wp-block-image aligncenter size-thumbnail"><img loading="lazy" decoding="async" width="150" height="150" src="https://studioarcs.fr/wp-content/uploads/2025/05/beauofort-ete-500-gr-3-2000x2000-1-150x150.png" alt="" class="wp-image-308" srcset="https://studioarcs.fr/wp-content/uploads/2025/05/beauofort-ete-500-gr-3-2000x2000-1-150x150.png 150w, https://studioarcs.fr/wp-content/uploads/2025/05/beauofort-ete-500-gr-3-2000x2000-1-300x300.png 300w, https://studioarcs.fr/wp-content/uploads/2025/05/beauofort-ete-500-gr-3-2000x2000-1-1024x1024.png 1024w, https://studioarcs.fr/wp-content/uploads/2025/05/beauofort-ete-500-gr-3-2000x2000-1-768x768.png 768w, https://studioarcs.fr/wp-content/uploads/2025/05/beauofort-ete-500-gr-3-2000x2000-1-1536x1536.png 1536w, https://studioarcs.fr/wp-content/uploads/2025/05/beauofort-ete-500-gr-3-2000x2000-1-1080x1080.png 1080w, https://studioarcs.fr/wp-content/uploads/2025/05/beauofort-ete-500-gr-3-2000x2000-1.png 2000w" sizes="(max-width: 150px) 100vw, 150px" /></figure>



<p>La cuisine est équipée d’une&nbsp;<strong>cafetière Senseo</strong> (pensez à apporter des dosettes), une bouilloire, un petit four, un four à micro-ondes, un grille pain, un petit frigo et la vaisselle nécessaire pour 4 personnes.</p>





<p>Je laisse également à disposition des condiments (sel, poivre, sucre, huile, vinaigre), mais si je ne suis pas venu récemment au studio et que les précédents ont beaucoup consommé, il est possible qu&rsquo;il en manque.</p>



<p>Il y a également à disposition des produits pour le ménage et des sacs poubelles (sous réserve que les précédents n&rsquo;aient pas tout utilisé).</p>



<p class="has-accent-1-background-color has-background" id="plaquecuisson"><em>A noter que la <strong>plaque de cuisson</strong> est parfois capricieuse. Elle se met en <strong>« Lock ».</strong> Elle affiche « Lo » sur son panneau de contrôle. Pour la délocker, il faut laisser son index quelques secondes appuyé sur<strong>l&rsquo;icône représentant une clé,</strong> à droite, et ça devrait fonctionner à nouveau.</em> </p>



<p class="has-accent-1-background-color has-background">Voir vidéo ci-dessous pour délocker la table de cuisson:</p>







<hr class="wp-block-separator has-alpha-channel-opacity"/>



<p>Pensez à apporter du papier toilette (et votre linge, je l&rsquo;ai déjà évoqué&#8230;)</p>



<hr class="wp-block-separator has-alpha-channel-opacity"/>
</div>



<p id="aspirateur">Un aspirateur est disponible. Pensez bien à le brancher pour qu&rsquo;il soit rechargé quand vous voudrez vous en servir.</p>



<p>PS : Le chauffage noir sur la photo n&rsquo;est pas en service. Il ne sert qu&rsquo;à chauffer pendant les périodes hors saison, et que le chauffage collectif est insuffisant. Au besoin, vous trouverez un petit chauffage soufflant.</p>







<div class="wp-block-group is-style-section-5 has-global-padding is-layout-constrained wp-block-group-is-layout-constrained is-style-section-5--7">
<p class="has-text-align-center"><a href="https://studioarcs.fr/index.php/livret-daccueil-arc-1600/">Livret d’accueil</a></p>



<p class="has-text-align-center"><a href="https://studioarcs.fr/index.php/bienvenue-a-arc-1600/">Bienvenue à Arc 1600</a></p>



<p class="has-text-align-center"><a href="https://studioarcs.fr/index.php/a-mettre-dans-vos-bagages-1600/">A mettre dans vos bagages</a></p>



<p class="has-text-align-center"><a href="https://studioarcs.fr/index.php/venir-a-arc-1600-en-voiture/">Venir à Arc 1600 en voiture. Solutions de parking</a></p>



<p class="has-text-align-center"><a href="https://studioarcs.fr/index.php/venir-en-train-et-utiliser-le-funiculaire-1600/">Venir à Arc 1600 en train</a></p>



<p class="has-text-align-center"><a href="https://studioarcs.fr/index.php/comment-recuperer-les-cles-1600/">Récupérer les clés</a></p>



<p class="has-text-align-center"><a href="https://studioarcs.fr/index.php/checkin-1600/">Arrivée au studio / Ce que vous trouverez/ Check In</a></p>



<p class="has-text-align-center"><a href="https://studioarcs.fr/index.php/que-faire-aux-arcs-1600/">Que faire aux Arcs ?</a></p>



<p class="has-text-align-center"><a href="https://studioarcs.fr/index.php/fin-de-sejour-1600/">Fin de séjour / Ménage</a></p>



<p class="has-text-align-center"><a href="https://studioarcs.fr/index.php/a-la-prochaine-1600/">A la prochaine !</a></p>



<hr class="wp-block-separator has-alpha-channel-opacity"/>



<p class="has-text-align-center"><a href="https://studioarcs.fr/index.php/english-booklet-1600/">English</a></p>


</div>

<p>Arrivée au studio &#8211; Check in Sommaire Heure d&rsquo;arrivée : J&rsquo;ai édicté ces règles générales pour donner un cadre, et surtout éviter les malentendus entre les locataires :Arrivée : La prise de possession du studio se fait à 13h00. Mais l&rsquo;arrivant a la possibilité de déposer ses affaires avant 13h00 s&rsquo;il souhaite profiter pleinement de [&hellip;]</p>
