{"id":517,"date":"2025-05-28T14:54:31","date_gmt":"2025-05-28T12:54:31","guid":{"rendered":"https:\/\/studioarcs.fr\/?page_id=517"},"modified":"2025-05-28T17:41:55","modified_gmt":"2025-05-28T15:41:55","slug":"a-la-prochaine-1600","status":"publish","type":"page","link":"https:\/\/studioarcs.fr\/index.php\/a-la-prochaine-1600\/","title":{"rendered":"A la prochaine 1600"},"content":{"rendered":"\n<p class=\"has-text-align-center has-x-large-font-size\"><strong>A la prochaine !<\/strong><\/p>\n\n\n\n<p><\/p>\n\n\n\n<figure class=\"wp-block-image\"><img loading=\"lazy\" decoding=\"async\" width=\"2560\" height=\"1440\" src=\"https:\/\/studioarcs.fr\/wp-content\/uploads\/2025\/05\/20221211_152530-scaled-1-1-1-1.jpg\" alt=\"\" class=\"wp-image-480\" srcset=\"https:\/\/studioarcs.fr\/wp-content\/uploads\/2025\/05\/20221211_152530-scaled-1-1-1-1.jpg 2560w, https:\/\/studioarcs.fr\/wp-content\/uploads\/2025\/05\/20221211_152530-scaled-1-1-1-1-300x169.jpg 300w, https:\/\/studioarcs.fr\/wp-content\/uploads\/2025\/05\/20221211_152530-scaled-1-1-1-1-1024x576.jpg 1024w, https:\/\/studioarcs.fr\/wp-content\/uploads\/2025\/05\/20221211_152530-scaled-1-1-1-1-768x432.jpg 768w, https:\/\/studioarcs.fr\/wp-content\/uploads\/2025\/05\/20221211_152530-scaled-1-1-1-1-1536x864.jpg 1536w, https:\/\/studioarcs.fr\/wp-content\/uploads\/2025\/05\/20221211_152530-scaled-1-1-1-1-2048x1152.jpg 2048w, https:\/\/studioarcs.fr\/wp-content\/uploads\/2025\/05\/20221211_152530-scaled-1-1-1-1-1920x1080.jpg 1920w\" sizes=\"(max-width: 2560px) 100vw, 2560px\" \/><\/figure>\n\n\n\n<p><strong>Etant donn\u00e9 que vous avez pass\u00e9 des vacances extraordinaires<\/strong>, et que vous vous sentez comme chez vous, vous voudrez donc revenir.<\/p>\n\n\n\n<p>Et vous allez s\u00fbrement conseiller cette adresse \u00e0 des amis.<\/p>\n\n\n\n<p><strong>Gardez bien mes coordonn\u00e9es ! (Thierry au 06 98 26 25 66)<\/strong><\/p>\n\n\n\n<p>Maintenant qu\u2019on se conna\u00eet et que tout s\u2019est bien pass\u00e9, appelez moi en direct pour \u00e9viter de payer des commissions\u2026<\/p>\n\n\n\n<p><strong>Sachez que je loue \u00e9galement un studio un peu plus grand \u00e0 Arc 1800<\/strong>, pour 4 \u00e0 6 personnes, avec un balcon<\/p>\n\n\n\n<p><strong>Si vous souhaitez le visiter, c\u2019est ici :<\/strong><\/p>\n\n\n\n<figure class=\"wp-block-image aligncenter size-medium\"><a class=\"position-relative wp-block-kubio-image__ style-0PUUrNKrW- style-local-3-\" href=\"https:\/\/studioarcs.fr\/index.php\/studio-dans-la-residence-miravidi\/\"><img loading=\"lazy\" decoding=\"async\" width=\"169\" height=\"300\" src=\"https:\/\/studioarcs.fr\/wp-content\/uploads\/2025\/05\/MirCouloir-169x300.jpg\" alt=\"\" class=\"wp-image-160\" srcset=\"https:\/\/studioarcs.fr\/wp-content\/uploads\/2025\/05\/MirCouloir-169x300.jpg 169w, https:\/\/studioarcs.fr\/wp-content\/uploads\/2025\/05\/MirCouloir.jpg 533w\" sizes=\"(max-width: 169px) 100vw, 169px\" \/><\/a><\/figure>\n\n\n\n<p class=\"has-text-align-center\"><a href=\"https:\/\/studioarcs.fr\/index.php\/studio-dans-la-residence-miravidi\/\">Studio \u00e0 Arc 1800<\/a><\/p>\n\n\n\n<p class=\"has-text-align-center\">N\u2019h\u00e9sitez pas \u00e0 m\u2019appeler bien avant vos vacances pour r\u00e9server ou obtenir des renseignements.<\/p>\n\n\n\n<hr class=\"wp-block-separator has-alpha-channel-opacity\"\/>\n\n\n\n<div class=\"wp-block-group is-style-section-5 has-global-padding is-layout-constrained wp-block-group-is-layout-constrained is-style-section-5--1\">\n<p class=\"has-text-align-center\"><a href=\"https:\/\/studioarcs.fr\/index.php\/livret-daccueil-arc-1600\/\">Livret d\u2019accueil<\/a><\/p>\n\n\n\n<p class=\"has-text-align-center\"><a href=\"https:\/\/studioarcs.fr\/index.php\/bienvenue-a-arc-1600\/\">Bienvenue \u00e0 Arc 1600<\/a><\/p>\n\n\n\n<p class=\"has-text-align-center\"><a href=\"https:\/\/studioarcs.fr\/index.php\/a-mettre-dans-vos-bagages-1600\/\">A mettre dans vos bagages<\/a><\/p>\n\n\n\n<p class=\"has-text-align-center\"><a href=\"https:\/\/studioarcs.fr\/index.php\/venir-a-arc-1600-en-voiture\/\">Venir \u00e0 Arc 1600 en voiture. Solutions de parking<\/a><\/p>\n\n\n\n<p class=\"has-text-align-center\"><a href=\"https:\/\/studioarcs.fr\/index.php\/venir-en-train-et-utiliser-le-funiculaire-1600\/\">Venir \u00e0 Arc 1600 en train<\/a><\/p>\n\n\n\n<p class=\"has-text-align-center\"><a href=\"https:\/\/studioarcs.fr\/index.php\/comment-recuperer-les-cles-1600\/\">R\u00e9cup\u00e9rer les cl\u00e9s<\/a><\/p>\n\n\n\n<p class=\"has-text-align-center\"><a href=\"https:\/\/studioarcs.fr\/index.php\/checkin-1600\/\">Arriv\u00e9e au studio \/ Ce que vous trouverez\/ Check In<\/a><\/p>\n\n\n\n<p class=\"has-text-align-center\"><a href=\"https:\/\/studioarcs.fr\/index.php\/que-faire-aux-arcs-1600\/\">Que faire aux Arcs ?<\/a><\/p>\n\n\n\n<p class=\"has-text-align-center\"><a href=\"https:\/\/studioarcs.fr\/index.php\/fin-de-sejour-1600\/\">Fin de s\u00e9jour \/ M\u00e9nage<\/a><\/p>\n\n\n\n<p class=\"has-text-align-center\"><a href=\"https:\/\/studioarcs.fr\/index.php\/a-la-prochaine-1600\/\">A la prochaine !<\/a><\/p>\n\n\n\n<hr class=\"wp-block-separator has-alpha-channel-opacity\"\/>\n\n\n\n<p class=\"has-text-align-center\"><a href=\"https:\/\/studioarcs.fr\/index.php\/english-booklet-1600\/\">English<\/a><\/p>\n\n\n<\/div>\n\n\n\n<p><\/p>\n","protected":false},"excerpt":{"rendered":"<p>A la prochaine ! Etant donn\u00e9 que vous avez pass\u00e9 des vacances extraordinaires, et que vous vous sentez comme chez vous, vous voudrez donc revenir. Et vous allez s\u00fbrement conseiller cette adresse \u00e0 des amis. Gardez bien mes coordonn\u00e9es ! (Thierry au 06 98 26 25 66) Maintenant qu\u2019on se conna\u00eet et que tout s\u2019est [&hellip;]<\/p>\n","protected":false},"author":1,"featured_media":0,"parent":0,"menu_order":0,"comment_status":"closed","ping_status":"closed","template":"","meta":{"saved_in_kubio":false,"footnotes":""},"class_list":["post-517","page","type-page","status-publish","hentry"],"kubio_ai_page_context":{"short_desc":"","purpose":"general"},"_links":{"self":[{"href":"https:\/\/studioarcs.fr\/index.php\/wp-json\/wp\/v2\/pages\/517","targetHints":{"allow":["GET"]}}],"collection":[{"href":"https:\/\/studioarcs.fr\/index.php\/wp-json\/wp\/v2\/pages"}],"about":[{"href":"https:\/\/studioarcs.fr\/index.php\/wp-json\/wp\/v2\/types\/page"}],"author":[{"embeddable":true,"href":"https:\/\/studioarcs.fr\/index.php\/wp-json\/wp\/v2\/users\/1"}],"replies":[{"embeddable":true,"href":"https:\/\/studioarcs.fr\/index.php\/wp-json\/wp\/v2\/comments?post=517"}],"version-history":[{"count":3,"href":"https:\/\/studioarcs.fr\/index.php\/wp-json\/wp\/v2\/pages\/517\/revisions"}],"predecessor-version":[{"id":570,"href":"https:\/\/studioarcs.fr\/index.php\/wp-json\/wp\/v2\/pages\/517\/revisions\/570"}],"wp:attachment":[{"href":"https:\/\/studioarcs.fr\/index.php\/wp-json\/wp\/v2\/media?parent=517"}],"curies":[{"name":"wp","href":"https:\/\/api.w.org\/{rel}","templated":true}]}}